 of 4021224 and 274.
274
Calculate the highest common divisor of 143006317 and 1623.
541
What is the highest common factor of 32895 and 645286595?
3655
Calculate the greatest common factor of 94047 and 911283.
3243
Calculate the greatest common factor of 301 and 34776035.
301
Calculate the highest common factor of 5949105 and 1990.
995
What is the highest common divisor of 2640557854 and 2068?
1034
Calculate the greatest common factor of 4776 and 35224194.
1194
Calculate the greatest common factor of 648 and 8563563.
81
What is the highest common divisor of 60 and 24290410?
10
What is the highest common divisor of 1103050 and 1028950?
650
Calculate the highest common factor of 112065 and 662750.
1205
What is the highest common factor of 11 and 16043093?
11
Calculate the greatest common divisor of 8 and 454313084.
4
What is the highest common divisor of 1079176 and 22246?
98
Calculate the greatest common divisor of 12 and 5799928.
4
Calculate the highest common factor of 399438 and 54054.
702
Calculate the highest common factor of 1222416255 and 43.
43
What is the highest common divisor of 68614 and 25473?
7
Calculate the greatest common factor of 4697 and 36547357.
4697
What is the greatest common factor of 5823 and 113292?
9
Calculate the greatest common factor of 552815907 and 3647.
3647
Calculate the greatest common divisor of 1175975 and 2431.
17
What is the highest common factor of 9734791 and 1529?
11
What is the greatest common divisor of 131568 and 331661?
2741
Calculate the greatest common divisor of 1120 and 4919880.
280
Calculate the highest common factor of 140 and 2385940.
20
What is the greatest common factor of 174688 and 408?
8
What is the highest common divisor of 602020 and 18724?
124
What is the greatest common factor of 22185600 and 2880?
960
Calculate the highest common factor of 170845470 and 675.
135
What is the highest common divisor of 84 and 13216884?
12
Calculate the greatest common divisor of 18 and 25090062.
6
Calculate the greatest common factor of 423330 and 15965.
515
Calculate the greatest common factor of 5284517 and 21.
7
Calculate the highest common factor of 4600 and 2422360.
920
Calculate the highest common divisor of 76815334 and 14694.
4898
What is the highest common divisor of 2000 and 2192672?
16
Calculate the highest common factor of 14117 and 88787.
19
What is the highest common divisor of 1407 and 11998293?
201
Calculate the greatest common divisor of 1669 and 43662709.
1669
What is the highest common divisor of 9126 and 7028034?
1014
What is the highest common divisor of 60 and 23884725?
15
Calculate the greatest common divisor of 816 and 641512.
136
What is the highest common divisor of 36 and 103919238?
18
Calculate the highest common factor of 1742170 and 4150.
830
What is the greatest common factor of 202818 and 146454?
462
What is the highest common divisor of 6264 and 1780488?
216
What is the highest common factor of 121283 and 5?
1
Calculate the greatest common factor of 4173 and 7049757.
39
Calculate the highest common divisor of 2345 and 30030740.
335
What is the greatest common factor of 904079438 and 328?
82
Calculate the highest common factor of 1632 and 3812624.
272
What is the greatest common divisor of 31 and 9402361?
1
Calculate the greatest common factor of 184 and 2577656.
184
Calculate the highest common factor of 4845 and 2787235.
85
Calculate the highest common divisor of 148330 and 2010.
10
Calculate the highest common factor of 952173 and 2367.
9
Calculate the greatest common factor of 80015 and 150680555.
6155
What is the greatest common factor of 792 and 10902870?
198
Calculate the highest common factor of 3512 and 143891908.
1756
Calculate the greatest common factor of 85256 and 235381159.
10657
What is the highest common factor of 197 and 68293202?
197
What is the greatest common factor of 51979 and 166321?
59
What is the greatest common divisor of 39 and 991335865?
13
Calculate the greatest common factor of 20378 and 810690.
886
What is the greatest common factor of 3539996560 and 17120?
8560
Calculate the greatest common divisor of 320190 and 35555.
65
What is the highest common factor of 66524769 and 1809?
603
Calculate the greatest common factor of 169 and 32260579.
169
What is the greatest common divisor of 7575 and 49029945?
1515
Calculate the highest common factor of 3627904 and 6272.
896
Calculate the greatest common factor of 1243057 and 51.
17
What is the highest common factor of 55507641 and 642?
321
What is the highest common divisor of 2294598090 and 30?
30
What is the greatest common divisor of 120961 and 766573?
73
What is the highest common divisor of 1249938128 and 3776?
944
What is the greatest common factor of 5723088 and 2688?
336
What is the greatest common divisor of 3979512 and 15048?
1368
Calculate the greatest common divisor of 249421 and 17.
1
Calculate the greatest common divisor of 625456 and 234352.
1552
Calculate the greatest common divisor of 6461832 and 298.
298
Calculate the greatest common divisor of 81733979 and 9557.
503
Calculate the greatest common factor of 5730432 and 4224.
384
What is the greatest common factor of 21962812 and 1928?
964
Calculate the highest common divisor of 1845 and 497327130.
1845
What is the highest common factor of 26 and 23987223?
13
What is the highest common divisor of 8112 and 15463344?
624
Calculate the greatest common factor of 14577 and 1966347.
129
Calculate the highest common factor of 954660 and 963060.
420
What is the highest common factor of 19095 and 389226115?
6365
Calculate the greatest common divisor of 134318814 and 28.
14
Calculate the highest common factor of 4540 and 134260.
20
What is the greatest common divisor of 164060174 and 22795?
4559
What is the greatest common divisor of 273564 and 933932?
596
Calculate the greatest common factor of 4740 and 5846790.
2370
Calculate the greatest common factor of 635 and 4899025.
635
What is the greatest common factor of 452 and 74539433?
113
What is the greatest common factor of 25278 and 556512?
66
What is the highest common factor of 283224 and 984?
24
Calculate the greatest common divisor of 86726 and 5459.
103
Calculate the greatest common divisor of 131099 and 403.
31
Calculate the greatest common divisor of 190 and 43849055.
95
What is the highest common factor of 1599 and 7430348?
41
Calculate the highest common divisor of 74 and 159932722.
74
What is the highest common divisor of 3639485 and 15?
5
Calculate the greatest common factor of 8975 and 258607445.
1795
Calculate the greatest common factor of 863 and 2388777959.
863
What is the highest common factor of 3102666 and 24738?
1302
What is the greatest common divisor of 8806162 and 28302?
106
What is the greatest common divisor of 818922 and 5720?
26
What is the highest common factor of 80660 and 83990?
370
What is the highest common divisor of 4395 and 13535700?
15
What is the highest common divisor of 100630 and 1473200?
290
Calculate the greatest common divisor of 5198940 and 85680.
3060
Calculate the greatest common factor of 7300 and 21023708.
292
What is the greatest common divisor of 1495 and 2276586?
299
What is the highest common divisor of 22470 and 1211?
7
What is the highest common factor of 798 and 44146671?
57
Calculate the highest common divisor of 632214 and 4402.
62
What is the greatest common factor of 32472918 and 2?
2
Calculate the greatest common factor of 206169780 and 40.
20
What is the greatest common factor of 226098642 and 2156?
1078
Calculate the highest common divisor of 1064706 and 4642.
422
Calculate the highest common divisor of 131 and 48337.
1
Calculate the greatest common divisor of 836752 and 76384.
3472
Calculate the greatest common divisor of 1067490 and 1593840.
870
What is the greatest common divisor of 130320 and 8206540?
3620
Calculate the highest common factor of 5730 and 4430.
10
Calculate the greatest common divisor of 539 and 5200027.
49
Calculate the highest common factor of 137413783 and 3119.
3119
Calculate the highest common factor of 4903559 and 1656277.
8159
What is the greatest common divisor of 790445 and 1639?
149
Calculate the highest common divisor of 439682 and 8057.
1151
Calculate the highest common factor of 576 and 18565704.
